uppose -2*f - f + 50 = 4*b, -f - p = -4*b. What is the units digit of b?
1
Let l(b) = 6*b**2 - 52*b - 51. What is the tens digit of l(15)?
1
Let d be 841/8 - (-3)/(-24). Suppose y - 57 - 33 = 4*t, 0 = -y - t + d. What is the hundreds digit of y?
1
Let r(y) = -y**3 + 33*y**2 + 5*y + 63. What is the hundreds digit of r(20)?
3
Suppose n + 189 = -3*f + 799, f - 3050 = -5*n. Let w = n + -284. Suppose -x = -5*b - 86, -5*x - 4 = 2*b - w. What is the units digit of x?
6
Suppose -30 = -7*o + 2*o. Suppose o*j - 93 = 3*j. What is the tens digit of j?
3
What is the units digit of (-2 - -4)*(-3 + 3150/12)?
9
Let g(q) = q**2 + 6*q + 6. Let o(t) = 3*t - 7. Let a be o(3). Suppose 3 - 13 = a*d. What is the units digit of g(d)?
1
Let y(p) = -p**3 - 17*p**2 - 17*p - 74. What is the units digit of y(-17)?
5
Suppose -2*c + 54 = -11*c. What is the units digit of (-8)/36*-6*(-27)/c?
6
Let q(k) = -4*k**2 - 2*k - 1. Let z be q(-3). Let m = 43 + z. What is the units digit of (m/(-36))/(2/(-42))?
7
Let f be ((-1)/(-12)*6)/(2/1108). Let a = f - 152. What is the hundreds digit of a?
1
Let h(f) = 9*f**2 - 13*f - 9. Suppose -4*r = -4*d - 4, -4*r + 3*d = -6*r + 27. What is the hundreds digit of h(r)?
2
Let x be 242/6 + (-4)/12. Let y be x/25 + (-4)/(-10). Suppose 2*d = -y*d - 3*z + 71, -2*z = 6. What is the tens digit of d?
2
Let o(d) = -d + 7. Let k be o(6). Let g be (-16)/(1 + k) - 2. What is the units digit of ((-6)/10)/(2/g)?
3
Let w(a) = -a**3 - 6*a**2 + 8*a + 4. Let l be w(-7). What is the units digit of ((-121)/2)/(1*l/6)?
1
Suppose r - 18 = -3*s + 4*r, 2*r - 9 = -5*s. Suppose 0 = 4*n - s*n - 81. What is the tens digit of n?
8
Let z = 218 - -173. What is the tens digit of z?
9
Let l(a) = 2*a**2 + 24*a - 33. What is the tens digit of l(15)?
7
Let x(v) = -12*v + 29. Suppose 12*p - 23 = -167. What is the tens digit of x(p)?
7
Suppose 3*m - b - 2162 = -3*b, -4*b = 4*m - 2876. What is the tens digit of m?
2
Suppose -65 = 5*w - 3*x - 844, 2*x = 2*w - 310. What is the units digit of w?
7
Suppose 43 = 6*k + 91. Let p(d) be the third derivative of d**6/120 + 7*d**5/60 - 3*d**4/8 - d**3/6 - 2*d**2. What is the units digit of p(k)?
7
Suppose -2*w + 39 = 5*i - 94, 3*i = 2*w + 67. What is the tens digit of i?
2
Let q = -214 - -625. What is the tens digit of q?
1
Let i(k) = 239*k - 43. What is the hundreds digit of i(4)?
9
What is the units digit of -9 - -1 - 3195/(-3)?
7
Let v(o) = o**2 - 2*o + 678. What is the hundreds digit of v(0)?
6
Suppose 16 = 7*q - 12. Suppose -m + 115 = -l, -4*m - q*l + 460 = -2*l. What is the units digit of m?
5
Let p be 32/(-12)*(-3)/2. Suppose 0 = -2*z + b + 104, z = 3*z - p*b - 98. What is the units digit of z?
3
Suppose -9 = -2*g + 7. Let n(q) = q + q**2 + q + 2*q - 7 - 5*q. What is the units digit of n(g)?
9
Suppose -298*z + 303*z = 5*w - 2025, -4*w = -z - 1626. What is the units digit of w?
7
Let z = 6 - -1299. What is the thousands digit of z?
1
Let c(a) = 3*a**2 + 11*a + 1. Suppose 0 = 3*i + f - 0*f - 10, 0 = 2*i + 4*f. What is the units digit of c(i)?
3
Suppose 315 = 4*q + b, -2*q + 154 = -0*q + 4*b. Let a = q + -45. What is the units digit of a?
4
What is the thousands digit of 82172/21 - (-20)/420?
3
Let z = -1154 - -1269. What is the tens digit of z?
1
Let r(o) = -o**3 + 12*o**2 - 6*o + 3. What is the tens digit of r(11)?
5
Let x(w) = 381*w**3 - 2*w**2 - 19*w + 30. What is the units digit of x(2)?
2
Let m be (327/(-9))/(1/(-3)). Let v = 168 - m. What is the units digit of v?
9
Let y = -21 - -21. Suppose 0 = -3*x - y*x. Suppose 0 = -x*u - 3*u + 111. What is the units digit of u?
7
Suppose 0 = -5*t + 6 + 4. Let o be 1*(4 + (t - 2)). What is the units digit of 4/(3*o/192)?
4
Suppose 2*x + x - 9 = 0. Suppose -x*a = -6*a + 198. Suppose h = 0, -y = -2*y + 4*h + a. What is the tens digit of y?
6
Let v(s) = s**3 - 33*s**2 + 2*s - 25. What is the tens digit of v(33)?
4
Let h = -964 + 1366. What is the units digit of h?
2
Let w = -47 - -70. Let i = w + -1. Let b = -15 + i. What is the units digit of b?
7
Let t(a) = -a**3 - 2*a**2 + 2*a + 1. Suppose -4*x + 2*l - 6 = 0, x = 6*l - l + 12. Let h be t(x). Suppose s - h*s = -54. What is the tens digit of s?
1
Suppose -4*n + n = -138. Suppose 0 = 5*a + 7 + 13, -n = -3*h - 5*a. What is the units digit of h?
2
Let v(k) = 3*k**2 - 4*k - 3. Let i be v(-6). Suppose -383 = f - i. What is the tens digit of f/(-10) + (-24)/(-40)?
2
Let t = 56 - 97. Let i be 6/(-15)*-15 + -7. Let y = i - t. What is the units digit of y?
0
Suppose -4*y - 116 = -4*u, -8*u - 5*y = -7*u - 41. Suppose -u*s + 32*s = 25. What is the units digit of s?
5
Let k(l) = 2*l + 4. Suppose w = -0*w. Let j be k(w). Suppose 0 = -j*a - 10 + 138. What is the tens digit of a?
3
Let j be 2 + 12/(4 - 0). Let h(l) = l**3 - 6*l**2 + 4*l + 6. Let q be h(j). What is the units digit of -3 + 3 + q - -25?
6
Suppose 0 = -4*t + 3*j + 16191, 2*t + 5*j = 7*t - 20245. What is the units digit of t?
4
Let h = 633 + 5. Suppose 4*t - h = 438. What is the units digit of t?
9
Suppose -146 = 7*s - 748. What is the tens digit of s?
8
Let x be 3 + ((-6)/10)/(1/5). What is the units digit of x - 1742/(-8) - (-3)/12?
8
Suppose 18*m - 6843 = 7449. What is the units digit of m?
4
Let p be (8/(-5 + 21))/((-1)/(-72)). Let q = 12 + p. What is the units digit of q?
8
Let k be (2 + 0)*(0 - -2). Let c(o) = o**2 + 2*o**3 + k*o + 5*o**2 - o**2 + 3 - o**3. What is the units digit of c(-3)?
9
Let h = 706 + -214. What is the units digit of h?
2
Suppose -16*q - 3148 + 16076 = 0. What is the units digit of q?
8
Let j = 329 + 128. What is the units digit of j?
7
Let i = -2430 + 4178. What is the tens digit of i?
4
Let x = 59 - 53. Let r be (1 + -23)/(-2 - 0). Suppose v - r = x. What is the units digit of v?
7
Let x = 12 + -8. Suppose -q - x*q = 25. Let v(c) = -c**2 - 10*c - 11. What is the tens digit of v(q)?
1
Let q(x) be the second derivative of 3*x**5/10 - x**4/4 + x**3/3 + 14*x. What is the tens digit of q(2)?
4
Let f be 2*((-2)/(-4) - -1). Suppose 0 = l - 2*b + 2 + 2, -5*l + 25 = -b. Suppose f*y - l*y = -84. What is the tens digit of y?
2
Let y be 1/((-3)/(3 + -6)). What is the tens digit of 84 + -18 + y*-1?
6
Let v(c) = 2*c - 1. Suppose -5*h + 3*f + 2*f = -20, -5*f = h - 28. Let b be v(h). Suppose -5*j = -4*j - b. What is the tens digit of j?
1
Let o(v) = -2*v**3 - v**2 + 4*v + 1. What is the units digit of o(-6)?
3
Suppose -4*x + u + 28 = 1, 0 = 5*u + 15. Let l(c) = -5*c + 2. Let p(r) = 14*r - 6. Let q(i) = 11*l(i) + 4*p(i). What is the units digit of q(x)?
4
Suppose -8*q + 2*p = -3*q - 272, -5*p = 3*q - 188. What is the tens digit of 27/18*q/6?
1
Suppose 8*k - 20 - 12 = 0. Let g(v) = 55*v. What is the units digit of g(k)?
0
Let c(d) = -14*d + 18. Let b be c(-12). Let l = 288 - b. Suppose -i = 2*i - l. What is the units digit of i?
4
Let w(b) = -2*b**3 + b. Let q(j) = -j**3. Let m(k) = -4*q(k) - w(k). Let t be m(-1). Let y(i) = -5*i + 4. What is the units digit of y(t)?
9
Let x be (-10)/(-4)*48/20. Suppose 0 = 2*i + 3*b + x, 8 = -6*i + 3*i - 4*b. Suppose i = -f - 7*f + 240. What is the units digit of f?
0
Let x = 2 - -3. What is the hundreds digit of x/(-10) - (-546)/4?
1
Suppose 5*u - u + 5*h - 1562 = 0, 0 = 3*u - h - 1162. What is the hundreds digit of u?
3
Suppose 0 = -c - 3*y + 5, -y = -2*c + 5*c - 7. Suppose 8 = -2*s + 4*n, 5*s - c*n - 4 = -0*n. What is the units digit of s?
2
Suppose 8*d = 6*d + 6. Suppose 4*u = -4*w + 300, -d*w = -0*u + 2*u - 225. What is the units digit of w?
5
Let p = 6993 - 1508. What is the units digit of p?
5
Let b be (-1)/((-4)/8) + 1. Let n(c) = 3*c + 10. What is the tens digit of n(b)?
1
Suppose 0*c - c + 2*u - 8 = 0, 4*c = -2*u + 18. What is the units digit of (-12)/4 + c - -3?
2
Suppose r - 140 = -3*p, 4*p - 95 - 105 = -4*r. Suppose 0 = 3*x - p - 231. What is the units digit of x?
2
Let l = 94 - 99. Let a = 132 + l. What is the tens digit of a?
2
Let t = -34 - -48. Let x be (0 - 120/t)*-7. Let b = -39 + x. What is the tens digit of b?
2
What is the tens digit of (-51750)/(-55) + 48/44?
4
Suppose 1240 = 6*i + 496. Suppose 2*h = 2*c + i, -2*h + 4*c = -h - 68. What is the tens digit of h?
6
Suppose -59*h = 29044 - 114830. What is the thousands digit of h?
1
Let t = 775 + -1591. What is the tens digit of (-8)/(-20) - t/10?
8
Let d(n) = n**3 - 10*n**2 + 10*